80488029.
3, 97, 1307519
List the prime factors of 1122965769.
3, 41, 43, 241, 881
List the prime factors of 3981419176.
2, 7, 17, 4182163
List the prime factors of 2335053118.
2, 53, 167, 131909
What are the prime factors of 390902316?
2, 3, 7, 353, 13183
What are the prime factors of 525222514?
2, 17, 67, 230563
List the prime factors of 199175012.
2, 49793753
What are the prime factors of 5186251594?
2, 37, 70084481
What are the prime factors of 102362166?
2, 3, 1693, 3359
What are the prime factors of 82885623?
3, 3529, 7829
What are the prime factors of 447256755?
3, 5, 11, 301183
List the prime factors of 90943583.
1193, 76231
List the prime factors of 33447156.
2, 3, 191, 14593
What are the prime factors of 867307910?
2, 5, 7, 251, 49363
What are the prime factors of 1621598392?
2, 202699799
What are the prime factors of 128883945?
3, 5, 277, 31019
What are the prime factors of 1525540661?
1525540661
What are the prime factors of 554476658?
2, 17, 19, 43, 19961
List the prime factors of 35474537.
7, 577, 8783
What are the prime factors of 152279177?
59, 2581003
What are the prime factors of 23561701?
313, 75277
What are the prime factors of 109034924?
2, 47, 579973
What are the prime factors of 48480331?
613, 79087
What are the prime factors of 6671445?
3, 5, 11, 40433
What are the prime factors of 409410502?
2, 41, 89, 56099
What are the prime factors of 77770765?
5, 1607, 9679
List the prime factors of 79145700.
2, 3, 5, 263819
List the prime factors of 778525834.
2, 389262917
List the prime factors of 1446326520.
2, 3, 5, 1231, 9791
List the prime factors of 32781568.
2, 128053
What are the prime factors of 566886783?
3, 701, 269561
What are the prime factors of 19779508?
2, 7, 29, 24359
List the prime factors of 419186313.
3, 7, 13, 170609
What are the prime factors of 185177788?
2, 46294447
List the prime factors of 34562064.
2, 3, 19, 37897
What are the prime factors of 382104359?
7, 13, 17, 23, 10739
List the prime factors of 149385035.
5, 17, 47, 61, 613
What are the prime factors of 366893878?
2, 13, 53, 181, 1471
List the prime factors of 7038589300.
2, 5, 6151, 11443
List the prime factors of 183362068.
2, 17, 2696501
What are the prime factors of 13614987?
3, 4538329
What are the prime factors of 68004241?
337, 373, 541
What are the prime factors of 88444738?
2, 2267, 19507
What are the prime factors of 187656498?
2, 3, 10425361
List the prime factors of 79804893.
3, 7, 37, 271, 379
List the prime factors of 186091195.
5, 127, 227, 1291
List the prime factors of 32029818.
2, 3, 151, 35353
What are the prime factors of 18248697?
3, 2027633
List the prime factors of 51019051.
2351, 21701
What are the prime factors of 197217126?
2, 3, 71, 51439
What are the prime factors of 1972653593?
1972653593
List the prime factors of 28464004.
2, 41, 173561
List the prime factors of 2783473882.
2, 7, 29, 653, 10499
List the prime factors of 841380118.
2, 1301, 323359
What are the prime factors of 1585309215?
3, 5, 7, 29, 37, 14071
List the prime factors of 621865884.
2, 3, 487, 106411
What are the prime factors of 38596946?
2, 19298473
List the prime factors of 8708379683.
8708379683
What are the prime factors of 249057899?
249057899
What are the prime factors of 616215196?
2, 154053799
List the prime factors of 9154107.
3, 53, 6397
What are the prime factors of 230930256?
2, 3, 19, 13327
List the prime factors of 647677435.
5, 2671, 48497
What are the prime factors of 162776247?
3, 54258749
What are the prime factors of 30864320?
2, 5, 96451
List the prime factors of 17761654.
2, 1319, 6733
List the prime factors of 614048822.
2, 1999, 153589
List the prime factors of 433012351.
79, 101, 54269
What are the prime factors of 36381514?
2, 13, 41, 34129
What are the prime factors of 3061483674?
2, 3, 37, 313, 44059
List the prime factors of 18450337.
347, 53171
List the prime factors of 236570886.
2, 3, 101, 130127
What are the prime factors of 401117312?
2, 17, 184337
List the prime factors of 154007919.
3, 13, 438769
List the prime factors of 36491858.
2, 13, 1403533
List the prime factors of 418061761.
13, 109, 295033
List the prime factors of 104747418.
2, 3, 19, 34031
What are the prime factors of 31097730?
2, 3, 5, 199, 5209
What are the prime factors of 733518029?
317, 599, 3863
What are the prime factors of 125572863?
3, 13, 17, 189401
List the prime factors of 36216113.
67, 540539
List the prime factors of 66986163.
3, 97, 25577
List the prime factors of 131012129.
7529, 17401
What are the prime factors of 3171194249?
3171194249
What are the prime factors of 8434998982?
2, 103, 40946597
List the prime factors of 709093165.
5, 11, 73, 176611
What are the prime factors of 50312290?
2, 5, 7, 718747
List the prime factors of 42854307.
3, 31, 41, 11239
What are the prime factors of 510153561?
3, 17, 3334337
List the prime factors of 5676556172.
2, 7, 202734149
List the prime factors of 504896817.
3, 61, 2758999
What are the prime factors of 4458756?
2, 3, 43, 8641
What are the prime factors of 520695773?
13, 40053521
What are the prime factors of 116838476?
2, 127, 1811
What are the prime factors of 1499571368?
2, 187446421
List the prime factors of 1773326473.
23, 2467, 31253
What are the prime factors of 79143665?
5, 1447, 10939
What are the prime factors of 2132315689?
7, 131, 2325317
What are the prime factors of 48310747?
48310747
List the prime factors of 52696371.
3, 7, 13, 43, 67
What are the prime factors of 273099734?
2, 4783, 28549
What are the prime factors of 2580633340?
2, 5, 129031667
List the prime factors of 560603352.
2, 3, 97, 257, 937
What are the prime factors of 745117789?
13, 73, 60397
List the prime factors of 195847454.
2, 11, 61, 13267
What are the prime factors of 5522430508?
2, 7, 149, 1323689
What are the prime factors of 207920769?
3, 7, 202061
List the prime factors of 1676309384.
2, 209538673
What are the prime factors of 85028679?
3, 17, 555743
What are the prime factors of 249092551?
17, 439, 33377
What are the prime factors of 54278505?
3, 5, 23, 5827
What are the prime factors of 254965990?
2, 5, 331, 77029
What are the prime factors of 29263229?
2339, 12511
List the prime factors of 36458736.
2, 3, 759557
List the prime factors of 6425241045.
3, 5, 401, 1068203
What are the prime factors of 150346034?
2, 29, 83, 31231
What are the prime factors of 511573018?
2, 11, 127, 277, 661
List the prime factors of 981143621.
981143621
What are the prime factors of 31781377?
23, 139, 9941
What are the prime factors of 664371222?
2, 3, 1949, 56813
List the prime factors of 766849681.
13, 2467, 23911
What are the prime factors of 1272187875?
3, 5, 7, 484643
What are the prime factors of 4549268671?
103, 44167657
List the prime factors of 430490543.
7, 19, 293, 11047
What are the prime factors of 191580165?
3, 5, 7, 608191
What are the prime factors of 86661657?
3, 29, 79, 467
List the prime factors of 40757528.
2, 7, 29, 25097
What are the prime factors of 853632925?
5, 23, 1484579
What are the prime factors of 28113460?
2, 5, 911, 1543
List the prime factors of 342968075.
5, 41, 334603
List the prime factors of 193048638.
2, 3, 1021, 31513
List the prime factors of 72958829.
23, 3172123
List the prime factors of 553163462.
2, 276581731
What are the prime factors of 12375062?
2, 7, 883933
What are the prime factors of 5417763166?
2, 271, 2347, 4259
List the prime factors of 31170059.
31170059
What are the prime factors of 1588667831?
389, 4083979
What are the prime factors of 1925917464?
2, 3, 80246561
What are the prime factors of 3107930176?
2, 13, 53, 70481
List the prime factors of 7736317480.
2, 5, 43, 191, 23549
List the prime factors of 217116191.
217116191
What are the prime factors of 82723114?
2, 41361557
What are the prime factors of 451116002?
2, 225558001
List the prime factors of 1197215392.
2, 37412981
What are the prime factors of 61308003?
3, 19, 71, 15149
What are the prime factors of 820287109?
13103, 62603
What are the prime factors of 87443347?
87443347
What are the prime factors of 3930304514?
2, 557, 3528101
What are the prime factors of 198257749?
198257749
List the prime factors of 22500607.
29, 257, 3019
What are the prime factors of 408026119?
408026119
What are the prime factors of 